en 1889 is divided by 135.
134
Calculate the remainder when 558 is divided by 70.
68
What is the remainder when 4120 is divided by 33?
28
Calculate the remainder when 4509 is divided by 96.
93
Calculate the remainder when 108 is divided by 55.
53
What is the remainder when 45 is divided by 14?
3
Calculate the remainder when 172 is divided by 168.
4
Calculate the remainder when 1030 is divided by 37.
31
What is the remainder when 405 is divided by 37?
35
What is the remainder when 490 is divided by 111?
46
What is the remainder when 423 is divided by 26?
7
What is the remainder when 997 is divided by 33?
7
What is the remainder when 947 is divided by 13?
11
Calculate the remainder when 35 is divided by 2.
1
Calculate the remainder when 1556 is divided by 41.
39
What is the remainder when 729 is divided by 194?
147
What is the remainder when 300 is divided by 21?
6
What is the remainder when 160 is divided by 7?
6
Calculate the remainder when 195 is divided by 46.
11
Calculate the remainder when 44 is divided by 41.
3
Calculate the remainder when 55 is divided by 29.
26
Calculate the remainder when 97 is divided by 15.
7
Calculate the remainder when 15176 is divided by 33.
29
What is the remainder when 1204 is divided by 71?
68
What is the remainder when 4023 is divided by 309?
6
What is the remainder when 310 is divided by 174?
136
Calculate the remainder when 198 is divided by 25.
23
Calculate the remainder when 278 is divided by 70.
68
What is the remainder when 1616 is divided by 60?
56
What is the remainder when 135 is divided by 62?
11
What is the remainder when 1734 is divided by 30?
24
Calculate the remainder when 33301 is divided by 181.
178
What is the remainder when 11 is divided by 5?
1
Calculate the remainder when 272 is divided by 15.
2
What is the remainder when 277 is divided by 76?
49
Calculate the remainder when 374 is divided by 93.
2
What is the remainder when 726 is divided by 26?
24
Calculate the remainder when 87 is divided by 20.
7
Calculate the remainder when 295 is divided by 51.
40
What is the remainder when 7054 is divided by 24?
22
What is the remainder when 1286 is divided by 183?
5
What is the remainder when 4077 is divided by 60?
57
What is the remainder when 5036 is divided by 80?
76
What is the remainder when 219 is divided by 78?
63
What is the remainder when 1079 is divided by 101?
69
Calculate the remainder when 3058 is divided by 6.
4
What is the remainder when 63 is divided by 3?
0
What is the remainder when 552 is divided by 9?
3
Calculate the remainder when 264 is divided by 18.
12
What is the remainder when 1486 is divided by 249?
241
Calculate the remainder when 35 is divided by 3.
2
Calculate the remainder when 123 is divided by 40.
3
Calculate the remainder when 258 is divided by 83.
9
Calculate the remainder when 567 is divided by 121.
83
What is the remainder when 8197 is divided by 20?
17
What is the remainder when 770 is divided by 58?
16
Calculate the remainder when 627 is divided by 70.
67
Calculate the remainder when 2438 is divided by 88.
62
Calculate the remainder when 1118 is divided by 21.
5
Calculate the remainder when 979 is divided by 82.
77
Calculate the remainder when 145 is divided by 18.
1
What is the remainder when 152 is divided by 23?
14
What is the remainder when 2187 is divided by 30?
27
Calculate the remainder when 19 is divided by 5.
4
What is the remainder when 2588 is divided by 36?
32
Calculate the remainder when 135 is divided by 47.
41
Calculate the remainder when 8879 is divided by 10.
9
Calculate the remainder when 1548 is divided by 16.
12
What is the remainder when 377 is divided by 18?
17
Calculate the remainder when 622 is divided by 166.
124
What is the remainder when 219 is divided by 17?
15
Calculate the remainder when 2358 is divided by 336.
6
Calculate the remainder when 5086 is divided by 82.
2
What is the remainder when 591 is divided by 40?
31
What is the remainder when 446 is divided by 154?
138
Calculate the remainder when 5747 is divided by 37.
12
Calculate the remainder when 2328 is divided by 569.
52
Calculate the remainder when 35 is divided by 8.
3
What is the remainder when 382 is divided by 185?
12
What is the remainder when 3499 is divided by 146?
141
Calculate the remainder when 624 is divided by 257.
110
Calculate the remainder when 47 is divided by 6.
5
Calculate the remainder when 274 is divided by 57.
46
What is the remainder when 192 is divided by 41?
28
Calculate the remainder when 594 is divided by 292.
10
Calculate the remainder when 333 is divided by 31.
23
What is the remainder when 1088 is divided by 101?
78
Calculate the remainder when 319 is divided by 54.
49
What is the remainder when 101 is divided by 14?
3
Calculate the remainder when 158 is divided by 16.
14
What is the remainder when 174 is divided by 56?
6
Calculate the remainder when 77 is divided by 56.
21
What is the remainder when 354 is divided by 131?
92
What is the remainder when 272 is divided by 29?
11
Calculate the remainder when 178 is divided by 5.
3
What is the remainder when 728 is divided by 123?
113
What is the remainder when 117 is divided by 39?
0
What is the remainder when 147 is divided by 66?
15
Calculate the remainder when 119 is divided by 40.
39
What is the remainder when 3620 is divided by 14?
8
Calculate the remainder when 105 is divided by 30.
15
Calculate the remainder when 4196 is divided by 28.
24
Calculate the remainder when 359 is divided by 45.
44
What is the remainder when 1033 is divided by 28?
25
What is the remainder when 359 is divided by 103?
50
What is the remainder when 677 is divided by 108?
29
What is the remainder when 126 is divided by 11?
5
Calculate the remainder when 1525 is divided by 14.
13
Calculate the remainder when 173 is divided by 30.
23
What is the remainder when 593 is divided by 40?
33
Calculate the remainder when 159 is divided by 60.
39
What is the remainder when 25 is divided by 9?
7
Calculate the remainder when 572 is divided by 134.
36
Calculate the remainder when 1110 is divided by 99.
21
What is the remainder when 530 is divided by 128?
18
Calculate the remainder when 5922 is divided by 79.
76
Calculate the remainder when 516 is divided by 37.
35
What is the remainder when 4506 is divided by 34?
18
What is the remainder when 179 is divided by 62?
55
Calculate the remainder when 336 is divided by 49.
42
What is the remainder when 306 is divided by 22?
20
What is the remainder when 495 is divided by 71?
69
What is the remainder when 107 is divided by 11?
8
What is the remainder when 515 is divided by 287?
228
Calculate the remainder when 221 is divided by 106.
9
Calculate the remainder when 152 is divided by 5.
2
What is the remainder when 95 is divided by 34?
27
What is the remainder when 580 is divided by 53?
50
Calculate the remainder when 13326 is divided by 49.
47
Calculate the remainder when 714 is divided by 234.
12
Calculate the remainder when 157 is divided by 23.
19
Calculate the remainder when 2825 is divided by 1409.
7
What is the remainder when 1267 is divided by 255?
247
What is the remainder when 155 is divided by 26?
25
Calculate the remainder when 113 is divided by 28.
1
Calculate the remainder when 755 is divided by 118.
47
Calculate the remainder when 366 is divided by 82.
38
What is the remainder when 35052 is divided by 45?
42
Calculate the remainder when 3099 is divided by 50.
49
What is the remainder when 73 is divided by 39?
34
Calculate the remainder when 34741 is divided by 29.
28
What is the remainder when 130 is divided by 15?
10
Calculate the remainder when 638 is divided by 244.
150
What is the remainder when 308 is divided by 68?
36
What is the remainder when 122 is divided by 14?
10
Calculate the remainder when 985 is divided by 56.
33
Calculate the remainder when 1495 is divided by 88.
87
Calculate the remainder when 1020 is divided by 72.
12
Calculate the remainder when 234 is divided by 203.
31
What is the remainder when 233 is divided by 188?
45
Calculate the remainder when 871 is divided by 35.
31
Calculate the remainder when 737 is divided by 74.
71
What is the remainder when 1137 is divided by 19?
16
Calculate the remainder when 46 is divided by 25.
21
Calculate the remain